{"id":663,"date":"2024-04-15T10:17:08","date_gmt":"2024-04-15T08:17:08","guid":{"rendered":"https:\/\/murcia-audiovisual.com\/?page_id=663"},"modified":"2024-04-15T11:04:01","modified_gmt":"2024-04-15T09:04:01","slug":"spot-10o-aniversario-tranvia-de-murcia","status":"publish","type":"page","link":"https:\/\/murcia-audiovisual.com\/?page_id=663","title":{"rendered":"Spot 10\u00ba aniversario Tranv\u00eda de Murcia"},"content":{"rendered":"\t\t<div data-elementor-type=\"wp-page\" data-elementor-id=\"663\" class=\"elementor elementor-663\" data-elementor-post-type=\"page\">\n\t\t\t\t<div class=\"elementor-element elementor-element-e704cf1 e-flex e-con-boxed e-con e-parent\" data-id=\"e704cf1\" data-element_type=\"container\">\n\t\t\t\t\t<div class=\"e-con-inner\">\n\t\t\t\t<div class=\"elementor-element elementor-element-0366122 elementor-widget elementor-widget-heading\" data-id=\"0366122\" data-element_type=\"widget\" data-widget_type=\"heading.default\">\n\t\t\t\t<div class=\"elementor-widget-container\">\n\t\t\t<h2 class=\"elementor-heading-title elementor-size-default\">Spot 10\u00ba aniversario Tranv\u00eda de Murcia<\/h2>\t\t<\/div>\n\t\t\t\t<\/div>\n\t\t\t\t\t<\/div>\n\t\t\t\t<\/div>\n\t\t<div class=\"elementor-element elementor-element-8e2503b e-flex e-con-boxed e-con e-parent\" data-id=\"8e2503b\" data-element_type=\"container\">\n\t\t\t\t\t<div class=\"e-con-inner\">\n\t\t<div class=\"elementor-element elementor-element-9798839 e-con-full e-flex e-con e-child\" data-id=\"9798839\" data-element_type=\"container\">\n\t\t\t\t<div class=\"elementor-element elementor-element-9bef971 elementor-widget elementor-widget-text-editor\" data-id=\"9bef971\" data-element_type=\"widget\" data-widget_type=\"text-editor.default\">\n\t\t\t\t<div class=\"elementor-widget-container\">\n\t\t\t\t\t\t\t<p>Un spot o anuncio publicitario es la mejor manera de dar a conocer una empresa, sus productos o sus servicios, su pol\u00edtica, su ambiente de trabajo y mucho m\u00e1s. Normalmente se trata de un video corto si se pretende poner en televisi\u00f3n, puesto que un v\u00eddeo largo ser\u00eda demasiado costoso, pero un spot tambi\u00e9n puede\u2026<\/p>\t\t\t\t\t\t<\/div>\n\t\t\t\t<\/div>\n\t\t\t\t<\/div>\n\t\t<div class=\"elementor-element elementor-element-876e8f3 e-con-full e-flex e-con e-child\" data-id=\"876e8f3\" data-element_type=\"container\">\n\t\t\t\t<div class=\"elementor-element elementor-element-f46f27d elementor-widget elementor-widget-video\" data-id=\"f46f27d\" data-element_type=\"widget\" data-settings=\"{&quot;video_type&quot;:&quot;vimeo&quot;,&quot;autoplay&quot;:&quot;yes&quot;}\" data-widget_type=\"video.default\">\n\t\t\t\t<div class=\"elementor-widget-container\">\n\t\t\t\t\t<div class=\"elementor-wrapper elementor-open-inline\">\n\t\t\t<iframe class=\"elementor-video-iframe\" allowfullscreen allow=\"clipboard-write\" title=\"Reproductor de v\u00eddeo vimeo\" src=\"https:\/\/player.vimeo.com\/video\/788732233?autoplay=1&amp;color&amp;autopause=0&amp;loop=0&amp;muted=0&amp;title=0&amp;portrait=1&amp;byline=1#t=\"><\/iframe>\t\t<\/div>\n\t\t\t\t<\/div>\n\t\t\t\t<\/div>\n\t\t\t\t<\/div>\n\t\t\t\t\t<\/div>\n\t\t\t\t<\/div>\n\t\t\t\t<\/div>\n\t\t","protected":false},"excerpt":{"rendered":"<p>Spot 10\u00ba aniversario Tranv\u00eda de Murcia Un spot o anuncio publicitario es la mejor manera de dar a conocer una empresa, sus productos o sus servicios, su pol\u00edtica, su ambiente de trabajo y mucho m\u00e1s. Normalmente se trata de un video corto si se pretende poner en televisi\u00f3n, puesto que un v\u00eddeo largo ser\u00eda demasiado&hellip;<\/p>\n","protected":false},"author":1,"featured_media":690,"parent":0,"menu_order":0,"comment_status":"closed","ping_status":"closed","template":"","meta":{"_seopress_robots_primary_cat":"","_seopress_titles_title":"","_seopress_titles_desc":"","_seopress_robots_index":"","footnotes":""},"class_list":["post-663","page","type-page","status-publish","has-post-thumbnail","hentry"],"_links":{"self":[{"href":"https:\/\/murcia-audiovisual.com\/index.php?rest_route=\/wp\/v2\/pages\/663","targetHints":{"allow":["GET"]}}],"collection":[{"href":"https:\/\/murcia-audiovisual.com\/index.php?rest_route=\/wp\/v2\/pages"}],"about":[{"href":"https:\/\/murcia-audiovisual.com\/index.php?rest_route=\/wp\/v2\/types\/page"}],"author":[{"embeddable":true,"href":"https:\/\/murcia-audiovisual.com\/index.php?rest_route=\/wp\/v2\/users\/1"}],"replies":[{"embeddable":true,"href":"https:\/\/murcia-audiovisual.com\/index.php?rest_route=%2Fwp%2Fv2%2Fcomments&post=663"}],"version-history":[{"count":7,"href":"https:\/\/murcia-audiovisual.com\/index.php?rest_route=\/wp\/v2\/pages\/663\/revisions"}],"predecessor-version":[{"id":683,"href":"https:\/\/murcia-audiovisual.com\/index.php?rest_route=\/wp\/v2\/pages\/663\/revisions\/683"}],"wp:featuredmedia":[{"embeddable":true,"href":"https:\/\/murcia-audiovisual.com\/index.php?rest_route=\/wp\/v2\/media\/690"}],"wp:attachment":[{"href":"https:\/\/murcia-audiovisual.com\/index.php?rest_route=%2Fwp%2Fv2%2Fmedia&parent=663"}],"curies":[{"name":"wp","href":"https:\/\/api.w.org\/{rel}","templated":true}]}}